*(-2 - -4)*62718/3. Is z/(-10) - 27/135 composite?
True
Suppose -3*h = 4*k - 1589113, 0 = -h + 3*k + 724208 - 194521. Is h a composite number?
True
Suppose 1361418 - 322598 = -205*i + 225*i. Is i a composite number?
False
Let m = 1704 + -347. Let w = m + 1362. Is w a composite number?
False
Let w be (-7)/(42/24) + -1091. Let o = 6911 - w. Is o a prime number?
False
Suppose 3*f + f - 4*x + 6608 = 0, -4*x + 12 = 0. Let j = 2500 - -590. Let g = f + j. Is g a composite number?
True
Let k = 406 - 405. Let y(c) = 12794*c**3 - 2*c**2 + 8*c - 7. Is y(k) a prime number?
False
Is (-10)/(170/(-31603017)) + 8 prime?
True
Suppose -3573*l + 3512*l = -657214. Is l prime?
False
Let i = 209445 - 33404. Is i a prime number?
True
Let x(i) = 271*i**2 - 32*i**2 + 28 + 12*i + 23*i**2 - 14*i + 13. Is x(-7) composite?
False
Let t(a) = a**3 + a**2 + 1. Let r(g) = 51*g**3 + 4*g**2 - 7*g + 3. Let n(u) = r(u) + 2*t(u). Is n(3) prime?
False
Let h(p) = -8*p - 22. Let c be h(-53). Suppose 397*g - c*g = -69455. Is g a composite number?
True
Let b = 120 - 109. Let k(j) = -j**3 + 20*j**2 + 26*j - 22. Let v be k(b). Suppose -10 = 5*a, -6*z = -5*z + 4*a - v. Is z a prime number?
True
Is (-158)/6*(-4110 + 81/(-9)) a composite number?
True
Let q = -20 + 1337. Suppose 0 = 5*b - q - 4728. Suppose b = n - 2*g, -2240 = 3*n + g - 5860. Is n a prime number?
False
Let l(x) = 77*x**2 - 52*x - 1073. Is l(-18) composite?
True
Let c be (26 - -8948)/((-2)/12). Is (c/18)/((-6)/9) a composite number?
True
Suppose 0 = -5*d - 8713 + 22808. Suppose 3*u = 4*x - 7, -5*x + 10 = 2*u - 16. Suppose -u*o = -2*n - d, -2*o + 3*n + 4700 = 3*o. Is o prime?
False
Let i = 1545 - 163. Suppose -p + i = p. Is p a composite number?
False
Is (-1 - -214544) + 2*(-3 + 2) composite?
False
Suppose -84*p + 8*p - 11922820 = -153332600. Is p prime?
False
Let x = 47 - 17. Let r = -2 + x. Suppose -30*h + 382 = -r*h. Is h a prime number?
True
Suppose -8*x - 113 = -33. Is (-18374)/x - -12*7/(-210) composite?
True
Suppose 3*j - z - 46957 = 0, -5*j + 5*z = -4*j - 15671. Let s = j + -9872. Is s a composite number?
False
Suppose -219*j = -104*j + 171*j - 109785962. Is j a prime number?
False
Let y(k) = 3297*k + 147 - 11*k**2 - 3257*k + 4*k**3 - 3*k**3. Is y(35) a composite number?
True
Suppose 2*y - 5 = 7. Suppose -y*u + 613 = 199. Let x = -43 + u. Is x prime?
False
Suppose -9*f - 35 = -2*f. Let b(p) = -489*p - 34. Is b(f) a composite number?
False
Let v(n) = -224*n**3 + 2*n**2 + 127*n - 76. Is v(-10) composite?
True
Let r be -581 + 8*(-6)/(-8). Let g = 39118 + r. Is g a composite number?
False
Suppose 2*t - 123098 = 71546 + 5442. Is t composite?
False
Suppose 0 = 284*s - 282*s - 45982. Is s composite?
True
Let m = 326407 + -208073. Is m a composite number?
True
Is 3420/(-1425) - (-1370254)/10 a prime number?
False
Suppose 744 = -10*k + 2*k. Let i = 7262 + k. Is i prime?
False
Is (1 - 59233)*7/(63/(-12)) - -1 prime?
True
Let i(b) = 32*b - 61*b + 30*b + 9. Let v be i(17). Suppose -v*w = -27*w + 39. Is w a composite number?
True
Let p(o) = 1235*o + 139. Let v(a) = 617*a + 70. Let i(w) = -2*p(w) + 5*v(w). Is i(7) prime?
False
Let u = 89 + -67. Suppose -u*n + 460825 = 3*n. Is n prime?
True
Let g(n) = -596*n - 8. Let l be g(-1). Let d = -139 + l. Is d a composite number?
False
Let t(o) = -134543*o - 829. Is t(-4) a prime number?
True
Let i(a) = 16*a**2 - 7*a + 5. Let o be i(5). Suppose f + 3*l + 0*l - o = 0, 1120 = 3*f - l. Let d = -120 + f. Is d a composite number?
True
Let o(c) = 23*c**3 - 52*c**2 + 67*c + 49. Is o(24) composite?
False
Let p(o) = o**2 - 10*o - 32. Let x be p(18). Let s = x - -182. Suppose -274 = -4*q - 5*w, -w - 4*w - s = -4*q. Is q a prime number?
True
Let z = 138655 - -80268. Is z composite?
False
Let n be (-70)/(-20)*(-4)/(-7). Suppose 3*q = -n*f + 4, 3*q = -f + 2 - 0. Suppose -3*z + d + 2447 = q, 3*z = 7*z - 2*d - 3264. Is z prime?
False
Let y = -11955 - -6259. Let f = -1137 - y. Is f prime?
False
Let d(r) = r**3 + 11*r**2 + 8*r + 17. Let t(v) = -v**3 - 8*v**2 - 4*v - 6. Let z be t(-6). Let j = z + 47. Is d(j) a composite number?
False
Suppose 191183 = -33*d + 74*d. Is d a prime number?
True
Let c(q) = -103*q + 12. Let u(k) = -104*k + 12. Suppose -5*s - 5*b + 0*b = 30, -4*s - 5*b - 26 = 0. Let m(l) = s*u(l) + 3*c(l). Is m(7) prime?
False
Suppose -27*o = 6*o - 165. Suppose -5*r + 22688 = -2*h, 62*r = 59*r + o*h + 13609. Is r a composite number?
True
Let t(l) be the second derivative of 27*l**5/2 - l**2/2 - 187*l. Let v be ((-12)/6)/(2*-1). Is t(v) a composite number?
False
Suppose 5*t = -30, 0 = -3*h - h - 3*t + 8698. Is h a composite number?
False
Let i = -44 + 60. Suppose -i*g - 293 = -17*g. Suppose 2496 = f - g. Is f prime?
True
Suppose -p - 204553 = -u + 213063, p - 1 = 0. Is u prime?
True
Suppose 549*x - 620*x + 296567 = 0. Is x composite?
False
Suppose -62*w = -42*w + 474634 - 2941454. Is w a composite number?
False
Suppose 55*a = 37*a + 57690. Is a composite?
True
Let u be 10280/7*(-35)/(-10). Suppose -2*f + 5140 = 4*n, -12*n + 16*n = 5*f + u. Is n prime?
False
Let u be -7 + (6 - -5) + -6. Is (-2407)/((-2)/u*(-1 + 0)) a composite number?
True
Suppose 258*w = 210*w + 12266448. Is w a prime number?
True
Let x be (6/4)/((-15)/40). Let q be x/5*-1*25/5. Suppose q*r + 503 = 2419. Is r prime?
True
Suppose -5*u + 1244 = 5*t + 4874, -3646 = 5*t + u. Let b = t - -1421. Is b composite?
False
Let z be (-2)/(((-104)/16)/(-13)). Is (86 - 85)/((z/(-2))/3246) a prime number?
False
Suppose 4*f = 5*j - 0*f - 19, j + 4*f + 1 = 0. Suppose -v + 715 + 1106 = -5*x, 2*x - j*v = -731. Let r = x + 3141. Is r a composite number?
False
Suppose 0 = -4*z - 20, -z - 1133 = -3*v + 1566. Is v prime?
False
Let l(m) = 977*m - 1. Let t be (-2)/6 + 455/15 + 4. Let c be (4 - -1)/(-20) - t/(-8). Is l(c) a composite number?
False
Let q(y) = -89*y - 25 - 42 + 182*y**2 + 7*y**2 + 101*y. Is q(10) a prime number?
False
Let i(q) = -q**3 - 11*q**2 - 8*q + 12. Let t be i(-10). Is -5 + (-7710)/t - 2/(-8) a composite number?
True
Suppose 3*w + 4*k = 875745, 0 = -k - 16 + 10. Is w prime?
True
Let z be (-7 + 2)/(5/425). Let c = z - -865. Let a = c - 145. Is a a composite number?
True
Let y(i) = 254*i**2 + 85*i + 421. Is y(15) prime?
False
Let o = -153 + 165. Suppose 5734 + 17654 = o*d. Is d prime?
True
Suppose -56 = -12*u + 4. Suppose 2*a + 4*z - 595 = -a, -u*a + 1045 = -4*z. Suppose 20 = 4*n, -3*b + n - a = -5126. Is b a prime number?
False
Let x(c) = 240680*c + 1841. Is x(6) a composite number?
False
Suppose -788618 = -14*i + 687500. Is i a prime number?
True
Suppose -808378 = -6111*y + 6109*y. Is y composite?
False
Let g(q) = 26326*q**3 + 5*q**2 + 9*q - 13. Is g(1) a composite number?
True
Suppose 3*h + 344 = -4*n + 890, -3*n = 2*h - 365. Suppose h = o - 0*r + 5*r, -5*o + 803 = -4*r. Is o prime?
True
Let u = -34 + 39. Suppose -q = -m - 612, -q + 0*q = u*m - 594. Let a = q - -32. Is a a composite number?
False
Let p = -1259 + 2944. Let o = -846 + p. Is 2 - 2/((-2)/o) prime?
False
Let w be 2/(6/(-157308)*4). Is (-30)/9*(-36)/(-30) - w a composite number?
True
Let p = -702 + 704. Suppose x - 5*v = 2917, -p*x - 4*v + 5834 = -6*v. Is x a prime number?
True
Suppose -f + 247335 = 3*g, -g = 4*f + 13443 - 95866. Is g a prime number?
False
Let f = -21 - -68. Let o(n) = 32*n - f*n + 41 + 16*n + 39*n. Is o(12) prime?
True
Let c be 44/(3 - -1) - (1 - 1). Suppose -c - 1 = 4*w. Is 129 + -4 - (1 + w) a prime number?
True
Let j = 34587 - 15297. Suppose 95*t - j = 89*t. Is t a prime number?
False
Let o(t) = 5*t**3 + 8*t**2 - 5*t - 6. Let f be o(-6). Let z be ((-114)/8)/(6/f). Let u = -187 + z. Is u a composite number?
False
Let a(g) = 16 - 4182*g + 235*g - 658*g. Is a(-1) composite?
False
Let j = 688 + 1126. Suppose 4*x + j = 2*r, 0 = -9*x + 5*x. Is r a prime number?
True
Let y = -1670 + 4619. Let v = y - -644. Is v composite?
False
Let w be 0/(2 - 1 - 0). Suppose -k - 2*n + w*n = 275, 2*n = 3*k + 841. Let u = k + 394. Is u a prime number?
False
Suppose -30*q = 35071 - 330377 - 1164104. Is q prime?
True
Let a = -21249 - -31706. Suppose -4*u = -c - 19712, -30161 = -4*u - c - a. Is u a composite number?
True
Let q(h) = 34936*h - 2177. Is q(4) a composite number?
False
Is (134/8)/(6/51 + (-29998)/255272) a composite number?
True
Let o = -266 + 131. Let x be (6/9)/((-6